-4*q + 4*s = 16, q + 7 = -2*q + 2*s. Suppose 0*w + 6 = w. Let f = w + q. List the prime factors of f.
7
Let f = 166 + -118. List the prime factors of f.
2, 3
Suppose -3*i + 24 = 4*b + 138, 5*i + 91 = -3*b. Let s be (-1)/(-2) - b/18. What are the prime factors of s/6 - 120/(-18)?
7
What are the prime factors of (-1 - 153)/((-15)/(105/14))?
7, 11
Let c be 16 + 2 + 0 + -4. Suppose i + 5*k - 30 = -4*i, -3*k = i - c. Suppose 0 = -i*f - n + 17, -n + 3*n = -2*f + 20. List the prime factors of f.
7
Let a be 2/((-2)/(-1))*14. Suppose 0 = -3*h + a - 2, -4*s = -4*h - 212. What are the prime factors of s?
3, 19
Let b(c) = c - 3*c - 9*c. What are the prime factors of b(-1)?
11
Suppose -u = -5*a + 10*a - 444, -3*a - 4*u + 280 = 0. What are the prime factors of a?
2, 11
Let n = -2 + 0. Let l be ((-208)/8)/(0 - -2). Let h = n - l. What are the prime factors of h?
11
Suppose 7*v = m + 2*v + 5, -2*m + 2*v + 14 = 0. What are the prime factors of m?
2, 5
Suppose 4*s + 2*u - 3*u = 515, -5*u = -5. List the prime factors of s.
3, 43
Suppose -2 = -4*y + 3*v, 5*y + 2 = 2*y + 4*v. Suppose 0 = -5*t + y*t + 54. List the prime factors of t.
2, 3
What are the prime factors of (-1)/(65/333 - (-8)/(-36))?
37
Suppose -45 = -7*g + 4*g. Suppose 3*n = -15 - g. Let y = n + 19. What are the prime factors of y?
3
Let s = 8 - 4. What are the prime factors of s?
2
Let x(m) = -m**2 + 7*m - 3. Let b be x(5). Let p(z) = z - 11. Let g be p(13). Suppose -g*y + b = -y. List the prime factors of y.
7
Let g be (-5 + 3)*18/4. Let u = g + 22. List the prime factors of u.
13
Suppose -4 = -4*c + 16. Suppose 2*x - 5 = -0*m - m, c*x = m + 23. List the prime factors of x.
2
Let r(o) = o**3 - 8*o**2 - o + 8. Let l be r(8). Let y = 11 + l. List the prime factors of y.
11
Let l = 1 - 7. List the prime factors of (-4)/l*18/3.
2
Let z(v) = 33*v**2 + 2*v + 1. Let b be z(-1). Let k = b - 15. What are the prime factors of k?
17
Let p(q) = 40*q - 60. List the prime factors of p(5).
2, 5, 7
Let u(v) be the second derivative of 1/12*v**4 + 0 + v**3 + v**2 + 4*v. List the prime factors of u(-6).
2
Let y(k) = 2*k + 17. What are the prime factors of y(-6)?
5
Let h(v) = v**3 - 3*v**2 - 7*v + 2. List the prime factors of h(5).
17
Suppose 0 = -5*a - 0*a. Suppose 4*l - 5*b = 18, -3*l - 5*b + b - 2 = a. List the prime factors of l.
2
Let k(a) = -12*a + 5. Let m be k(-4). Suppose 5*n + 22 = -m. Let q = n + 28. What are the prime factors of q?
13
Let o(d) = 12*d - 3. List the prime factors of o(10).
3, 13
Suppose 3*k = -4*t + 61, -5*t - 12 + 90 = 2*k. List the prime factors of t.
2
Let s = -175 + 295. What are the prime factors of s?
2, 3, 5
Suppose 3*x - 634 = -4*y, -x + 210 = 3*y - y. List the prime factors of x.
2, 107
Suppose 5*c - 297 = 58. What are the prime factors of c?
71
Suppose -3*u = 2*r - 5*r - 225, 4*u + 2*r - 330 = 0. What are the prime factors of u?
2, 5
Suppose -2*j - 1 = -h, -4*h = 5*j - h + 19. What are the prime factors of (3/9)/(j/(-138))?
23
Let i be 8/(-4) + -3 + -1. What are the prime factors of (3/i)/(3/(-168))?
2, 7
Let u(k) = -2*k - 1. List the prime factors of u(-7).
13
Let v = 109 + -63. List the prime factors of v.
2, 23
Let k(w) = w**3 - 10*w**2 - 4*w + 12. What are the prime factors of k(11)?
89
Let f = -34 + 18. What are the prime factors of 4/(f/12) - -20?
17
Let n be (-141)/(-21) - (-4)/14. Suppose -5*x - 2*o + n*o = -75, 4*x + o - 45 = 0. What are the prime factors of x?
2, 3
Let t(i) = 1 - 6*i**2 - 8 - 2*i + i - i**3. Let w be t(-6). Let u = w + 12. List the prime factors of u.
11
Let l be (-2)/9 + 1070/(-45). Let g = l - -58. What are the prime factors of g?
2, 17
Let u = -21 + 49. Suppose 4*c - 18 = -3*k, -4*k - 5*c = -c - u. Suppose -5*y + 3*y - k = -2*t, y + 11 = 4*t. What are the prime factors of t?
2
Let z(d) = 81*d**3 - 4*d**2 + 4. Let b be z(2). What are the prime factors of (2/(-3))/((-8)/b)?
53
Suppose -4*r - 47 = -r - 5*n, -26 = 2*r - 2*n. Let f = 13 + r. Suppose 4*a - 4*t - 12 = 0, -2*t = f - 2. List the prime factors of a.
2
What are the prime factors of 1 + 2 + (1080/6)/3?
3, 7
Let d(a) = 3*a**2 + 1. Let v = -2 - -3. Let j be d(v). Suppose 0*l - j*l - 2 = -u, 2*l + 26 = 3*u. List the prime factors of u.
2, 5
Suppose 0 = 14*v - 17*v + 780. List the prime factors of v.
2, 5, 13
What are the prime factors of 76/5 + 10/(-50)?
3, 5
Let a(u) = 3*u**3 - 3*u**2 - 4*u + 3. What are the prime factors of a(3)?
3, 5
Suppose -3*p = -5*h - 2*p + 360, -h - 5*p + 46 = 0. What are the prime factors of h?
71
Suppose 17 = -5*i - 5*u + 3*u, 2*u = -3*i - 11. What are the prime factors of 14/(-21) - 20/i?
2, 3
Let s(y) = -3 + 2 + 2*y - 4*y. Let a be s(-5). Let v = a + -4. What are the prime factors of v?
5
Let c(p) = -p**3 + 5*p**2 - 2*p + 6. Let v(t) = 2*t - 6. Let w be v(5). Let m be c(w). Suppose -5*u = 2*f - 36, u + 2*f = 5*f + m. List the prime factors of u.
2
Let x(o) = o - 12. Let b be x(12). Suppose u + b*u - 23 = 0. What are the prime factors of u?
23
Suppose -5*s + 40 = 245. Let q = -7 - s. List the prime factors of q.
2, 17
Let b(f) be the first derivative of 29*f**3/3 + f**2/2 - f + 1. What are the prime factors of b(1)?
29
Suppose -3*h + k + 198 = -0*k, -5*h - 3*k = -330. Suppose 0*o = -o + h. Suppose j + 3*x = 7*x + 26, -5*j + 4*x = -o. What are the prime factors of j?
2, 5
Suppose -4*s + 0*s = -40. Suppose 10 + s = 4*f. List the prime factors of -24*((-15)/6)/f.
2, 3
Let r = -10 + 17. What are the prime factors of r?
7
Suppose -4222 + 307 = -9*q. List the prime factors of q.
3, 5, 29
Let g(n) be the second derivative of n**4/12 + n**3/2 + 7*n**2/2 - 5*n. List the prime factors of g(-8).
47
Let y(v) = -7*v + 52. List the prime factors of y(0).
2, 13
What are the prime factors of 6/21 - 110/(-7)?
2
Let c = -3 + 12. Suppose 2*h - 57 = y - c, -3*h + 66 = -3*y. List the prime factors of h.
2, 13
Suppose -2*y + 3*n - 11 = -3*y, 0 = -3*y - 2*n + 61. List the prime factors of y.
23
Let i(m) = m**2 - 1. Let x be i(2). Let g = 17 - 10. Let t = g - x. List the prime factors of t.
2
Suppose 0 = 4*o - 10 + 2. Suppose 3 = -h, -o*j + 5*h = -6*j + 189. Suppose -5*x - j = -8*x. What are the prime factors of x?
17
Suppose -2*r + 33 = -7. What are the prime factors of r?
2, 5
Suppose -28 - 108 = -4*k. List the prime factors of k.
2, 17
Let o = 4 - 2. Suppose -3*p + 4 = -2*p. Suppose -j + 5*z = -7, -6*j - o*z + p = -3*j. List the prime factors of j.
2
Suppose 3*c - 5*p - 5 = 8*c, p - 7 = -3*c. Suppose -5*z = u - 10 + c, u - 3*z - 30 = 0. What are the prime factors of u?
3, 7
What are the prime factors of 258/4 - 1/(-2)?
5, 13
Let t(s) = -23*s + 37. List the prime factors of t(-8).
13, 17
Suppose 5*a - 14 = 11. List the prime factors of a.
5
Let g = 9 + -6. Suppose -g - 25 = -2*a. List the prime factors of a.
2, 7
Let g(s) = -s**2 - 9*s - 5. Let t(z) = -6*z. Let l be t(1). List the prime factors of g(l).
13
Let f(z) = -4*z + 57. List the prime factors of f(-21).
3, 47
Let k(i) = 2*i**2 - 2. Let n be k(2). Suppose n = 4*g - 42. List the prime factors of g.
2, 3
Suppose 2*b - 3*b + 6 = -5*t, 2*b = t + 12. Let a(p) = -p + 9. Let f be a(b). Suppose 0 = 5*k + 5*r - 22 - 18, 16 = f*k - r. List the prime factors of k.
2, 3
Suppose -2*p - 3*n - 2 = -3*p, -3*p - 2*n = -6. Suppose -3*l + 217 = p*l + 4*u, 0 = 3*l + 2*u - 131. Suppose -3*y - 2*y = -l. What are the prime factors of y?
3
Let i(y) = -11*y**2 + y. Let w be i(1). Let j be ((-5)/4)/(3/36). Let b = w - j. List the prime factors of b.
5
Let f(j) = -6*j - 15. What are the prime factors of f(-8)?
3, 11
Let t be 1 - 1 - (252 + -3). Let n be 1/(-2 - t/123). Suppose -1 = -p, 4*m - n = 4*p - p. What are the prime factors of m?
11
Let j be (2/(-6))/(700/231 + -3). Suppose 3*w = -15 + 114. Let k = j + w. What are the prime factors of k?
2, 11
Suppose 5*f - 4*j = 66, -2*j - 1 = 7. Suppose 0 = 2*o - o - f. List the prime factors of o.
2, 5
What are the prime factors of (-5)/((-2)/(-20)*-2)?
5
Suppose 6*o - 4*o - 10 = 0. Suppose o*i = 26 + 99. List the prime factors of i.
5
Suppose 6*n = -4*m + 3*n + 767, -3*m + 576 = 2*n. What are the prime factors of m?
2, 97
Suppose -r = r - 44. What are the prime factors of r?
2, 11
Suppose -6*r + 3*r + 15 = 0. Let h be (-6)/21 - (-23)/7. Let x = r - h. List the prime factors of x.
2
Let i(b) be the second derivative 